 of q and y?
30
Suppose -5*p - 6 + 31 = 0. Suppose -5*f + 0 = p. Let y be -154*((-1)/(-2) + f). What is the greatest common factor of 7 and y?
7
Let y(q) = 13*q + 180. Let s = 46 + -59. Let j be y(s). What is the greatest common factor of j and 1177?
11
Let h = 7241 - 7075. What is the greatest common factor of h and 3569?
83
Suppose -h + 338 = -5*b, 0 = -4*h - b + 744 + 776. What is the greatest common factor of 5886 and h?
54
Let s = 19 - 2. Suppose r = -f + 26, -2*f - 61 = -2*r - s. Calculate the greatest common factor of r and 276.
12
Suppose 840 = 4*w - 2*w. Let t = w + 280. Calculate the greatest common factor of 28 and t.
28
Suppose -44*u + 1216 + 476 = 196. Let q be 3*(-2 - 1304/(-6)). What is the greatest common divisor of q and u?
34
Let k be (20/(-3))/(1/(-30)). Let i = 209 - k. Calculate the highest common factor of 99 and i.
9
Let z = 32129 - 30869. What is the highest common factor of 135 and z?
45
Suppose -4*c - 126 = -334. Let p(t) = -5*t**2 - 523*t - 273. Let f be p(-104). What is the greatest common divisor of f and c?
13
Suppose 52 = -l - 41. Let c = l + 206. Let o = c - -125. Calculate the highest common divisor of 34 and o.
34
Let a = -7538 - -2802. Let x be ((-3)/2)/3 - a/256. Calculate the highest common factor of x and 234.
18
Let j be -11 + 10/70*203. Calculate the greatest common factor of j and 4122.
18
Suppose -3*k + 180 = k. Suppose -12*z + 9*z = 20*z. Suppose 54*o - 76*o + 396 = z. What is the greatest common divisor of k and o?
9
Suppose -61*l - 309*l = -677100. What is the greatest common divisor of 6222 and l?
366
Suppose 0 = 2*u + 4*o - 6*o, 3*o + 1 = 4*u. Let i be (u + 0)*3510/26. Calculate the highest common divisor of 15 and i.
15
Let m be (-240)/9*57/(-2). Suppose 12*f - m = -220. Calculate the greatest common factor of 40 and f.
5
Let u(x) = -5*x - 35. Suppose 2*d = 3*b - 31, 5*b = -4*d + b - 12. Let n be u(d). What is the greatest common divisor of 25 and n?
5
Let g = 0 + -10. Let f(j) = -7*j**2 - 24*j + 6. Let w be f(g). Let x be w/(2 - 4) + 2 + -5. Calculate the greatest common divisor of x and 28.
28
Suppose -a + 74 = 2*u - 18, -6 = 3*u. Suppose 4*p + 24 = z, a = 16*z - 12*z + p. What is the greatest common divisor of z and 2?
2
Let a be (-28)/21*(-12)/16 - -9. Let s(w) = -5*w. Let k be s(-1). Calculate the greatest common divisor of k and a.
5
Let h(g) = g**2 - 26*g + 351. Let q be h(13). Calculate the highest common factor of 650 and q.
26
Let z = -20 + 24. Suppose -2*b + z*v = -176, 3*b - 2*v - 170 = b. Suppose -b + 22 = -i. Calculate the highest common factor of i and 24.
12
Suppose -14*z = -4*z - 4950. Calculate the highest common factor of z and 855.
45
Let p(s) = -6*s - 5. Let v be p(-7). Suppose v = -3*y + 226. Suppose -3*b + 75 = -y. What is the highest common divisor of b and 115?
23
Let w(k) = 2*k**3 + 81*k**2 - 216*k - 40. Let a be w(-43). Calculate the highest common divisor of a and 27.
3
Suppose -9*l + 4*l = 10, -2*l = -u + 6. Let w(a) = 7*a**2 - 2*a - 2. Let v be w(u). Calculate the highest common divisor of v and 66.
22
Let o = -295 + 704. Let i = -206 + o. Let q = 95 - 66. Calculate the highest common factor of q and i.
29
Let y(z) = -z**3 + 9*z**2 - 9*z - 14. Let u be y(5). Let k(o) = 22*o**2 + 3*o + 5. Let d be k(4). What is the highest common divisor of d and u?
41
Let c(l) = 3 + 4*l**2 + 3*l + 11*l**2 - 3*l**2. Let v be c(-2). Suppose 28*h - 315 - 189 = 0. Calculate the highest common factor of h and v.
9
Suppose -43965 - 53775 = -27*y. Calculate the greatest common factor of y and 90.
10
Suppose 136 = a + 3*c, a = 46*c - 45*c + 152. Calculate the greatest common divisor of 24124 and a.
148
Suppose 2*o - 70 = -22. Let r be (-1 + 18/10)*35/14. Suppose -r*y + 71 = 59. What is the highest common factor of y and o?
6
Suppose 3*o - 2*m - 22 = 0, -6*m + 5 = -7*m. Suppose 3 + 121 = o*i. What is the highest common factor of i and 279?
31
Suppose 0 = -3*p - 2*b + 5660, p + 2*b = -158 + 2038. Suppose -65*s + 2*f = -70*s + 64, 5*s + 4*f = 58. What is the greatest common divisor of p and s?
14
Let u(y) = 103*y - 1193. Let n be u(15). Calculate the highest common divisor of 132 and n.
44
Let f = 4034 + -3790. Calculate the greatest common divisor of 61 and f.
61
Suppose 148 = 15*q + 73. Suppose -m - 15 = -q*k + 2*m, 0 = -4*k + m + 12. Calculate the highest common factor of k and 12.
3
Suppose -4*p + z = -1454, -3*p = -0*p + 2*z - 1096. What is the highest common factor of p and 35?
7
Suppose 3*m - 289 = 4*w, -2*m + 181 = 113*w - 114*w. What is the highest common factor of m and 3161?
29
Let d be 12540/(-150) + (-4)/10. Let f be (5/(-5) - d/(-8))*-130. Calculate the highest common divisor of f and 65.
65
Let z be ((-30)/12*4)/2. Let a be (21/(-4))/(-7)*-40. Let f be 34/z*a/12. What is the greatest common factor of f and 136?
17
Suppose -33*w + 3*w + 697 + 3353 = 0. Let c be 18*(4 + (-1 - -3)). Calculate the highest common factor of w and c.
27
Let r(m) = 2088*m - 1197. Let a(x) = -161*x + 92. Let g(w) = 27*a(w) + 2*r(w). Let d be g(-5). What is the highest common factor of 105 and d?
105
Suppose -7*r - 24 = -15*r. Suppose 1007 = r*n + 2*t, -6*n + 2*n = -2*t - 1324. Calculate the greatest common divisor of 9 and n.
9
Let u = -11 - -15. Let s = 424 + -193. Suppose -s + 55 = -4*m. What is the highest common divisor of m and u?
4
Let z(v) = v**3 - 8*v**2 + 9*v - 9. Let f = -33 - -40. Let i be z(f). Suppose -9*p = -39*p + 1350. Calculate the highest common divisor of p and i.
5
Let a = 16126 - 13808. What is the highest common divisor of a and 76?
38
Let l(x) = 47*x**2 - 10*x + 52. Let t be l(-12). Calculate the highest common factor of 60 and t.
20
Let c(w) = -7*w**2 + 57*w + 171. Let k be c(8). Calculate the greatest common divisor of k and 22375.
179
Let q = 179 + -179. Suppose -5*t + 67 = -19*d + 23*d, -t + 3 = q. Calculate the highest common factor of d and 533.
13
Let p be (33/(-3))/(2/((-4)/2)). Suppose p*l + 1742 = 7462. Calculate the greatest common divisor of 65 and l.
65
Let d = 10 + -8. Let o be -4 + 16 + d/(-1). Suppose 61 - 86 = -t. Calculate the greatest common divisor of t and o.
5
Let q = 112882 - 57314. What is the greatest common divisor of 368 and q?
368
Let b be (-17)/(-5) + 2/(-5). Suppose -36 = -b*s - 6. Suppose 2765 = -27*z + 96*z - 3445. Calculate the greatest common divisor of z and s.
10
Suppose -1781*r + 1775*r + 900 = 0. Suppose 3*t - r = -12*t. Calculate the greatest common factor of 35 and t.
5
Let b be (0 + (-48)/(-10))/((-6)/(-20)). Suppose -30*t + 38*t = b. Calculate the highest common divisor of 38 and t.
2
Let w be -51*2/4*(-24)/9. Let g = w + -73. Let a be (-451)/g - (-2)/(-10). What is the highest common divisor of a and 15?
15
Let f be 1*((-10)/(-5) - -1295). Suppose 2*l = 991 + f. Suppose 7*m - 20*m + l = 0. Calculate the highest common factor of m and 220.
44
Let r(a) = -42*a**3 - 7*a**2 - 5*a - 17. Let i be r(-5). What is the highest common factor of 92 and i?
23
Let g(o) = -16*o**3 + 16*o**2 + 41*o + 29. Let u be g(-2). Calculate the greatest common factor of 8618 and u.
139
Let q = 344 - 323. Suppose q*r - 35*r = -2044. Calculate the greatest common factor of r and 73.
73
Let o(g) = -2*g**2 + 166*g + 166. Let r be o(72). What is the greatest common factor of r and 308?
14
Let x(s) = s**3 + 17*s**2 - s + 10. Let z be x(0). What is the highest common factor of 865 and z?
5
Suppose 60 = 3*h - a, 80 = 4*h + a + a. Suppose -224 = -h*q + 6*q. What is the highest common divisor of q and 32?
16
Suppose 0 = 129*l + 181*l - 202*l - 102492. Calculate the greatest common divisor of l and 65.
13
Let c be (2400/840)/((-4)/(-266)). What is the greatest common divisor of c and 1330?
190
Let u be 12/15 + (-3888)/(-90) + 16. Calculate the highest common factor of u and 7470.
30
Let z = -1135 + 1756. Suppose 5*h + 4*f = z, 3*h + 4*f + 70 = 449. Calculate the highest common factor of 22 and h.
11
Suppose 3*a - 4*a + 10 = 0. Suppose -28 + 13 = -3*q. Suppose 3*p + 2*n = 6*n + 31, -20 = q*n. What is the highest common factor of a and p?
5
Let k be (1 + 1 - 1)*(-3 - -19 - -738). What is the greatest common factor of k and 104?
26
Suppose -76*v + 42*v - 1728 = -42*v. What is the highest common divisor of v and 108?
108
Suppose 4*v + 5*k = 61, 14*k = -v + 11*k + 17. Calculate